{"id":13,"date":"2024-06-06T09:17:06","date_gmt":"2024-06-06T12:17:06","guid":{"rendered":"https:\/\/gridcriativa.com.br\/?page_id=13"},"modified":"2025-07-08T01:20:21","modified_gmt":"2025-07-08T04:20:21","slug":"sobre-nos","status":"publish","type":"page","link":"https:\/\/gridcriativa.com.br\/index.php\/sobre-nos\/","title":{"rendered":"Sobre N\u00f3s"},"content":{"rendered":"\t\t<div data-elementor-type=\"wp-page\" data-elementor-id=\"13\" class=\"elementor elementor-13\" data-elementor-post-type=\"page\">\n\t\t\t\t\t\t<section data-particle_enable=\"false\" data-particle-mobile-disabled=\"false\" class=\"elementor-section elementor-top-section elementor-element elementor-element-547a8e7 elementor-section-boxed elementor-section-height-default elementor-section-height-default\" data-id=\"547a8e7\" data-element_type=\"section\" data-e-type=\"section\" data-settings=\"{&quot;background_background&quot;:&quot;video&quot;,&quot;background_video_link&quot;:&quot;https:\\\/\\\/youtu.be\\\/WIl5F5rM5wQ&quot;,&quot;background_video_start&quot;:45,&quot;background_video_end&quot;:60}\">\n\t\t\t\t\t\t\t\t<div class=\"elementor-background-video-container elementor-hidden-mobile\">\n\t\t\t\t\t\t\t\t\t\t\t\t\t<div class=\"elementor-background-video-embed\" role=\"presentation\"><\/div>\n\t\t\t\t\t\t\t\t\t\t\t\t<\/div>\n\t\t\t\t\t\t\t\t\t<div class=\"elementor-background-overlay\"><\/div>\n\t\t\t\t\t\t\t<div class=\"elementor-container elementor-column-gap-default\">\n\t\t\t\t\t<div class=\"elementor-column elementor-col-100 elementor-top-column elementor-element elementor-element-6a4573ef\" data-id=\"6a4573ef\" data-element_type=\"column\" data-e-type=\"column\">\n\t\t\t<div class=\"elementor-widget-wrap elementor-element-populated\">\n\t\t\t\t\t\t<div class=\"elementor-element elementor-element-424bf279 elementor-widget__width-initial de_scroll_animation_no elementor-widget elementor-widget-qi_addons_for_elementor_animated_text\" data-id=\"424bf279\" data-element_type=\"widget\" data-e-type=\"widget\" data-widget_type=\"qi_addons_for_elementor_animated_text.default\">\n\t\t\t\t<div class=\"elementor-widget-container\">\n\t\t\t\t\t<div class=\"qodef-shortcode qodef-m qodef-qi-animated-text qodef--animated-by-word qodef--alignment-left qodef-qi--has-appear qodef--appear-from-right\" >\n\t\t<h2 class=\"qodef-m-title\">\n\t\t<span class=\"qodef-e-word\">Transforme<\/span> <span class=\"qodef-e-word\">ideias<\/span> <span class=\"qodef-e-word\">em<\/span> <span class=\"qodef-e-word\">realidade<\/span> <span class=\"qodef-e-word\">visual<\/span>\t<\/h2>\n<\/div>\n\t\t\t\t<\/div>\n\t\t\t\t<\/div>\n\t\t\t\t\t<\/div>\n\t\t<\/div>\n\t\t\t\t\t<\/div>\n\t\t<\/section>\n\t\t\t\t<section data-particle_enable=\"false\" data-particle-mobile-disabled=\"false\" class=\"elementor-section elementor-top-section elementor-element elementor-element-c30b587 elementor-section-boxed elementor-section-height-default elementor-section-height-default\" data-id=\"c30b587\" data-element_type=\"section\" data-e-type=\"section\" data-settings=\"{&quot;background_background&quot;:&quot;gradient&quot;}\">\n\t\t\t\t\t\t<div class=\"elementor-container elementor-column-gap-default\">\n\t\t\t\t\t<div class=\"elementor-column elementor-col-50 elementor-top-column elementor-element elementor-element-600f1818\" data-id=\"600f1818\" data-element_type=\"column\" data-e-type=\"column\">\n\t\t\t<div class=\"elementor-widget-wrap elementor-element-populated\">\n\t\t\t\t\t\t<div class=\"elementor-element elementor-element-79a06aa7 de_scroll_animation_no elementor-invisible elementor-widget elementor-widget-qi_addons_for_elementor_parallax_images\" data-id=\"79a06aa7\" data-element_type=\"widget\" data-e-type=\"widget\" data-settings=\"{&quot;_animation&quot;:&quot;fadeIn&quot;}\" data-widget_type=\"qi_addons_for_elementor_parallax_images.default\">\n\t\t\t\t<div class=\"elementor-widget-container\">\n\t\t\t\t\t<div class=\"qodef-shortcode qodef-m qodef-qi-parallax-images qodef-layout--default\">\n\t<div class=\"qodef-m-images\">\n\t\t<div class=\"qodef-e-main-image-holder\">\n\t\t\t<div class=\"qodef-e-main-image-zoom-holder\">\n\t\t\t\t\t\t\t\t\t<div class=\"qodef-e-main-image\" >\n\t\t\t\t\t\t<img fetchpriority=\"high\" decoding=\"async\" width=\"564\" height=\"751\" src=\"https:\/\/gridcriativa.com.br\/wp-content\/uploads\/2024\/06\/Imagem-do-WhatsApp-de-2024-05-03-as-12.13.17_ccbd0f48.jpg\" class=\"attachment-full size-full\" alt=\"\" srcset=\"https:\/\/gridcriativa.com.br\/wp-content\/uploads\/2024\/06\/Imagem-do-WhatsApp-de-2024-05-03-as-12.13.17_ccbd0f48.jpg 564w, https:\/\/gridcriativa.com.br\/wp-content\/uploads\/2024\/06\/Imagem-do-WhatsApp-de-2024-05-03-as-12.13.17_ccbd0f48-225x300.jpg 225w\" sizes=\"(max-width: 564px) 100vw, 564px\" \/>\t\t\t\t\t<\/div>\n\t\t\t\t\t\t\t<\/div>\n\t\t<\/div>\n\t\t\t\t\t\t\t\t\t\t\t\t\t<div class=\"qodef-e-parallax-image qodef-position--bottom-right elementor-repeater-item-00b66fe\" >\n\t\t\t\t\t<img decoding=\"async\" width=\"735\" height=\"490\" src=\"https:\/\/gridcriativa.com.br\/wp-content\/uploads\/2024\/06\/coffee.jpg\" class=\"attachment-full size-full\" alt=\"\" srcset=\"https:\/\/gridcriativa.com.br\/wp-content\/uploads\/2024\/06\/coffee.jpg 735w, https:\/\/gridcriativa.com.br\/wp-content\/uploads\/2024\/06\/coffee-300x200.jpg 300w\" sizes=\"(max-width: 735px) 100vw, 735px\" \/>\t\t\t\t<\/div>\n\t\t\t\t\t\t<\/div>\n<\/div>\n\t\t\t\t<\/div>\n\t\t\t\t<\/div>\n\t\t\t\t<div class=\"elementor-element elementor-element-601d7609 elementor-widget__width-auto elementor-absolute elementor-view-default de_scroll_animation_no elementor-invisible elementor-widget elementor-widget-icon\" data-id=\"601d7609\" data-element_type=\"widget\" data-e-type=\"widget\" data-settings=\"{&quot;_position&quot;:&quot;absolute&quot;,&quot;_animation&quot;:&quot;fadeIn&quot;}\" data-widget_type=\"icon.default\">\n\t\t\t\t<div class=\"elementor-widget-container\">\n\t\t\t\t\t\t\t<div class=\"elementor-icon-wrapper\">\n\t\t\t<div class=\"elementor-icon\">\n\t\t\t<i aria-hidden=\"true\" class=\"dticon dticon-finger-print-outline\"><\/i>\t\t\t<\/div>\n\t\t<\/div>\n\t\t\t\t\t\t<\/div>\n\t\t\t\t<\/div>\n\t\t\t\t\t<\/div>\n\t\t<\/div>\n\t\t\t\t<div class=\"elementor-column elementor-col-50 elementor-top-column elementor-element elementor-element-7ee23aa0\" data-id=\"7ee23aa0\" data-element_type=\"column\" data-e-type=\"column\">\n\t\t\t<div class=\"elementor-widget-wrap elementor-element-populated\">\n\t\t\t\t\t\t<div class=\"elementor-element elementor-element-469dc283 elementor-widget__width-auto de_scroll_animation_no elementor-invisible elementor-widget elementor-widget-heading\" data-id=\"469dc283\" data-element_type=\"widget\" data-e-type=\"widget\" data-settings=\"{&quot;_animation&quot;:&quot;fadeIn&quot;}\" data-widget_type=\"heading.default\">\n\t\t\t\t<div class=\"elementor-widget-container\">\n\t\t\t\t\t<h6 class=\"elementor-heading-title elementor-size-default\">Apresenta\u00e7\u00e3o<\/h6>\t\t\t\t<\/div>\n\t\t\t\t<\/div>\n\t\t\t\t<div class=\"elementor-element elementor-element-13236fd0 de_scroll_animation_no elementor-widget elementor-widget-qi_addons_for_elementor_animated_text\" data-id=\"13236fd0\" data-element_type=\"widget\" data-e-type=\"widget\" data-widget_type=\"qi_addons_for_elementor_animated_text.default\">\n\t\t\t\t<div class=\"elementor-widget-container\">\n\t\t\t\t\t<div class=\"qodef-shortcode qodef-m qodef-qi-animated-text qodef--animated-by-word qodef--alignment-left qodef-qi--has-appear qodef--appear-from-right\" >\n\t\t<h2 class=\"qodef-m-title\">\n\t\t<span class=\"qodef-e-word\">Sobre<\/span> <span class=\"qodef-e-word\">N\u00f3s<\/span>\t<\/h2>\n<\/div>\n\t\t\t\t<\/div>\n\t\t\t\t<\/div>\n\t\t\t\t<div class=\"elementor-element elementor-element-1e726c5b de_scroll_animation_no elementor-invisible elementor-widget elementor-widget-text-editor\" data-id=\"1e726c5b\" data-element_type=\"widget\" data-e-type=\"widget\" data-settings=\"{&quot;_animation&quot;:&quot;fadeIn&quot;}\" data-widget_type=\"text-editor.default\">\n\t\t\t\t<div class=\"elementor-widget-container\">\n\t\t\t\t\t\t\t\t\t<p>Na Grid Criativa, somos apaixonados por transformar ideias em experi\u00eancias visuais impactantes. Especialistas em pain\u00e9is iluminados, fachadas ACM, fachadas 3D, placas em acr\u00edlico e uma ampla gama de itens para comunica\u00e7\u00e3o visual, nosso objetivo \u00e9 dar vida \u00e0 sua marca de maneira \u00fanica e memor\u00e1vel.<\/p><p><strong>Por que a Comunica\u00e7\u00e3o Visual?<\/strong><\/p><p>A comunica\u00e7\u00e3o visual \u00e9 a chave para se destacar no mercado. Ela atrai a aten\u00e7\u00e3o instantaneamente, garantindo que sua marca seja vista e lembrada. Al\u00e9m disso, elementos visuais bem projetados criam uma conex\u00e3o emocional com seu p\u00fablico, fortalecendo a identidade da sua marca e facilitando a comunica\u00e7\u00e3o da sua mensagem.<\/p>\t\t\t\t\t\t\t\t<\/div>\n\t\t\t\t<\/div>\n\t\t\t\t<div class=\"elementor-element elementor-element-3706c694 elementor-tablet-align-center elementor-mobile-align-left de_scroll_animation_no elementor-invisible elementor-widget elementor-widget-button\" data-id=\"3706c694\" data-element_type=\"widget\" data-e-type=\"widget\" data-settings=\"{&quot;_animation&quot;:&quot;fadeIn&quot;}\" data-widget_type=\"button.default\">\n\t\t\t\t<div class=\"elementor-widget-container\">\n\t\t\t\t\t\t\t\t\t<div class=\"elementor-button-wrapper\">\n\t\t\t\t\t<a class=\"elementor-button elementor-button-link elementor-size-sm\" href=\"https:\/\/api.whatsapp.com\/send?phone=5548991676918&#038;text=Ol%C3%A1,%20estou%20vindo%20encaminhado%20do%20site%20da%20Grid,%20gostaria%20de%20fazer%20um%20or%C3%A7amento,%20pode%20me%20ajudar?\" target=\"_blank\" id=\"whatsapp\">\n\t\t\t\t\t\t<span class=\"elementor-button-content-wrapper\">\n\t\t\t\t\t\t<span class=\"elementor-button-icon\">\n\t\t\t\t<i aria-hidden=\"true\" class=\"icon icon-right-arrow\"><\/i>\t\t\t<\/span>\n\t\t\t\t\t\t\t\t\t<span class=\"elementor-button-text\">FALE CONOSCO!<\/span>\n\t\t\t\t\t<\/span>\n\t\t\t\t\t<\/a>\n\t\t\t\t<\/div>\n\t\t\t\t\t\t\t\t<\/div>\n\t\t\t\t<\/div>\n\t\t\t\t\t<\/div>\n\t\t<\/div>\n\t\t\t\t\t<\/div>\n\t\t<\/section>\n\t\t\t\t<section data-particle_enable=\"false\" data-particle-mobile-disabled=\"false\" class=\"elementor-section elementor-top-section elementor-element elementor-element-5616ebd elementor-section-boxed elementor-section-height-default elementor-section-height-default\" data-id=\"5616ebd\" data-element_type=\"section\" data-e-type=\"section\" data-settings=\"{&quot;background_background&quot;:&quot;gradient&quot;}\">\n\t\t\t\t\t\t<div class=\"elementor-container elementor-column-gap-default\">\n\t\t\t\t\t<div class=\"elementor-column elementor-col-50 elementor-top-column elementor-element elementor-element-0a97365\" data-id=\"0a97365\" data-element_type=\"column\" data-e-type=\"column\">\n\t\t\t<div class=\"elementor-widget-wrap elementor-element-populated\">\n\t\t\t\t\t\t<div class=\"elementor-element elementor-element-ce94072 de_scroll_animation_no elementor-invisible elementor-widget elementor-widget-qi_addons_for_elementor_parallax_images\" data-id=\"ce94072\" data-element_type=\"widget\" data-e-type=\"widget\" data-settings=\"{&quot;_animation&quot;:&quot;fadeIn&quot;}\" data-widget_type=\"qi_addons_for_elementor_parallax_images.default\">\n\t\t\t\t<div class=\"elementor-widget-container\">\n\t\t\t\t\t<div class=\"qodef-shortcode qodef-m qodef-qi-parallax-images qodef-layout--default\">\n\t<div class=\"qodef-m-images\">\n\t\t<div class=\"qodef-e-main-image-holder\">\n\t\t\t<div class=\"qodef-e-main-image-zoom-holder\">\n\t\t\t\t\t\t\t\t\t<div class=\"qodef-e-main-image\" >\n\t\t\t\t\t\t<img decoding=\"async\" width=\"564\" height=\"752\" src=\"https:\/\/gridcriativa.com.br\/wp-content\/uploads\/2024\/06\/Imagem-do-WhatsApp-de-2024-05-03-as-11.48.09_219ca92e.jpg\" class=\"attachment-full size-full\" alt=\"\" srcset=\"https:\/\/gridcriativa.com.br\/wp-content\/uploads\/2024\/06\/Imagem-do-WhatsApp-de-2024-05-03-as-11.48.09_219ca92e.jpg 564w, https:\/\/gridcriativa.com.br\/wp-content\/uploads\/2024\/06\/Imagem-do-WhatsApp-de-2024-05-03-as-11.48.09_219ca92e-225x300.jpg 225w\" sizes=\"(max-width: 564px) 100vw, 564px\" \/>\t\t\t\t\t<\/div>\n\t\t\t\t\t\t\t<\/div>\n\t\t<\/div>\n\t\t\t\t\t\t\t\t\t\t\t\t\t<div class=\"qodef-e-parallax-image qodef-position--bottom-right elementor-repeater-item-00b66fe\" >\n\t\t\t\t\t<img loading=\"lazy\" decoding=\"async\" width=\"794\" height=\"792\" src=\"https:\/\/gridcriativa.com.br\/wp-content\/uploads\/2024\/06\/Imagem-do-WhatsApp-de-2024-05-03-as-12.12.33_cdf2fd9e.jpg\" class=\"attachment-full size-full\" alt=\"\" srcset=\"https:\/\/gridcriativa.com.br\/wp-content\/uploads\/2024\/06\/Imagem-do-WhatsApp-de-2024-05-03-as-12.12.33_cdf2fd9e.jpg 794w, https:\/\/gridcriativa.com.br\/wp-content\/uploads\/2024\/06\/Imagem-do-WhatsApp-de-2024-05-03-as-12.12.33_cdf2fd9e-300x300.jpg 300w, https:\/\/gridcriativa.com.br\/wp-content\/uploads\/2024\/06\/Imagem-do-WhatsApp-de-2024-05-03-as-12.12.33_cdf2fd9e-150x150.jpg 150w, https:\/\/gridcriativa.com.br\/wp-content\/uploads\/2024\/06\/Imagem-do-WhatsApp-de-2024-05-03-as-12.12.33_cdf2fd9e-768x766.jpg 768w\" sizes=\"(max-width: 794px) 100vw, 794px\" \/>\t\t\t\t<\/div>\n\t\t\t\t\t\t<\/div>\n<\/div>\n\t\t\t\t<\/div>\n\t\t\t\t<\/div>\n\t\t\t\t<div class=\"elementor-element elementor-element-e768f44 elementor-widget__width-auto elementor-absolute elementor-view-default de_scroll_animation_no elementor-invisible elementor-widget elementor-widget-icon\" data-id=\"e768f44\" data-element_type=\"widget\" data-e-type=\"widget\" data-settings=\"{&quot;_position&quot;:&quot;absolute&quot;,&quot;_animation&quot;:&quot;fadeIn&quot;}\" data-widget_type=\"icon.default\">\n\t\t\t\t<div class=\"elementor-widget-container\">\n\t\t\t\t\t\t\t<div class=\"elementor-icon-wrapper\">\n\t\t\t<div class=\"elementor-icon\">\n\t\t\t<i aria-hidden=\"true\" class=\"dticon dticon-finger-print-outline\"><\/i>\t\t\t<\/div>\n\t\t<\/div>\n\t\t\t\t\t\t<\/div>\n\t\t\t\t<\/div>\n\t\t\t\t\t<\/div>\n\t\t<\/div>\n\t\t\t\t<div class=\"elementor-column elementor-col-50 elementor-top-column elementor-element elementor-element-e2eac39\" data-id=\"e2eac39\" data-element_type=\"column\" data-e-type=\"column\">\n\t\t\t<div class=\"elementor-widget-wrap elementor-element-populated\">\n\t\t\t\t\t\t<div class=\"elementor-element elementor-element-ce4cdc6 de_scroll_animation_no elementor-widget elementor-widget-qi_addons_for_elementor_animated_text\" data-id=\"ce4cdc6\" data-element_type=\"widget\" data-e-type=\"widget\" data-widget_type=\"qi_addons_for_elementor_animated_text.default\">\n\t\t\t\t<div class=\"elementor-widget-container\">\n\t\t\t\t\t<div class=\"qodef-shortcode qodef-m qodef-qi-animated-text qodef--animated-by-word qodef--alignment-left qodef-qi--has-appear qodef--appear-from-right\" >\n\t\t<h2 class=\"qodef-m-title\">\n\t\t<span class=\"qodef-e-word\">Miss\u00e3o<\/span>\t<\/h2>\n<\/div>\n\t\t\t\t<\/div>\n\t\t\t\t<\/div>\n\t\t\t\t<div class=\"elementor-element elementor-element-f3cdce4 de_scroll_animation_no elementor-invisible elementor-widget elementor-widget-text-editor\" data-id=\"f3cdce4\" data-element_type=\"widget\" data-e-type=\"widget\" data-settings=\"{&quot;_animation&quot;:&quot;fadeIn&quot;}\" data-widget_type=\"text-editor.default\">\n\t\t\t\t<div class=\"elementor-widget-container\">\n\t\t\t\t\t\t\t\t\t<p>Na Grid Criativa, nossa miss\u00e3o \u00e9 fornecer solu\u00e7\u00f5es de comunica\u00e7\u00e3o visual que n\u00e3o apenas atendam, mas superem as expectativas dos nossos clientes. Acreditamos que cada projeto \u00e9 uma oportunidade de criar algo extraordin\u00e1rio, e nos dedicamos a oferecer produtos de alta qualidade, inova\u00e7\u00e3o e design excepcional.<\/p>\t\t\t\t\t\t\t\t<\/div>\n\t\t\t\t<\/div>\n\t\t\t\t<div class=\"elementor-element elementor-element-94b6ccf de_scroll_animation_no elementor-widget elementor-widget-qi_addons_for_elementor_animated_text\" data-id=\"94b6ccf\" data-element_type=\"widget\" data-e-type=\"widget\" data-widget_type=\"qi_addons_for_elementor_animated_text.default\">\n\t\t\t\t<div class=\"elementor-widget-container\">\n\t\t\t\t\t<div class=\"qodef-shortcode qodef-m qodef-qi-animated-text qodef--animated-by-word qodef--alignment-left qodef-qi--has-appear qodef--appear-from-right\" >\n\t\t<h2 class=\"qodef-m-title\">\n\t\t<span class=\"qodef-e-word\">Vis\u00e3o<\/span> <span class=\"qodef-e-word\">e<\/span> <span class=\"qodef-e-word\">Valores<\/span>\t<\/h2>\n<\/div>\n\t\t\t\t<\/div>\n\t\t\t\t<\/div>\n\t\t\t\t<div class=\"elementor-element elementor-element-3b6ea29 de_scroll_animation_no elementor-invisible elementor-widget elementor-widget-text-editor\" data-id=\"3b6ea29\" data-element_type=\"widget\" data-e-type=\"widget\" data-settings=\"{&quot;_animation&quot;:&quot;fadeIn&quot;}\" data-widget_type=\"text-editor.default\">\n\t\t\t\t<div class=\"elementor-widget-container\">\n\t\t\t\t\t\t\t\t\t<p>Nossa vis\u00e3o \u00e9 ser refer\u00eancia em comunica\u00e7\u00e3o visual, reconhecida pela qualidade, criatividade e compromisso com a satisfa\u00e7\u00e3o do cliente. Valorizamos a inova\u00e7\u00e3o, a excel\u00eancia no atendimento e a integridade em todos os nossos servi\u00e7os.<\/p>\t\t\t\t\t\t\t\t<\/div>\n\t\t\t\t<\/div>\n\t\t\t\t<div class=\"elementor-element elementor-element-a893592 elementor-tablet-align-center elementor-mobile-align-left de_scroll_animation_no elementor-invisible elementor-widget elementor-widget-button\" data-id=\"a893592\" data-element_type=\"widget\" data-e-type=\"widget\" data-settings=\"{&quot;_animation&quot;:&quot;fadeIn&quot;}\" data-widget_type=\"button.default\">\n\t\t\t\t<div class=\"elementor-widget-container\">\n\t\t\t\t\t\t\t\t\t<div class=\"elementor-button-wrapper\">\n\t\t\t\t\t<a class=\"elementor-button elementor-button-link elementor-size-sm\" href=\"https:\/\/api.whatsapp.com\/send?phone=5548991676918&#038;text=Ol%C3%A1,%20estou%20vindo%20encaminhado%20do%20site%20da%20Grid,%20gostaria%20de%20fazer%20um%20or%C3%A7amento,%20pode%20me%20ajudar?\" target=\"_blank\" id=\"whatsapp\">\n\t\t\t\t\t\t<span class=\"elementor-button-content-wrapper\">\n\t\t\t\t\t\t<span class=\"elementor-button-icon\">\n\t\t\t\t<i aria-hidden=\"true\" class=\"icon icon-right-arrow\"><\/i>\t\t\t<\/span>\n\t\t\t\t\t\t\t\t\t<span class=\"elementor-button-text\">SAIBA MAIS<\/span>\n\t\t\t\t\t<\/span>\n\t\t\t\t\t<\/a>\n\t\t\t\t<\/div>\n\t\t\t\t\t\t\t\t<\/div>\n\t\t\t\t<\/div>\n\t\t\t\t\t<\/div>\n\t\t<\/div>\n\t\t\t\t\t<\/div>\n\t\t<\/section>\n\t\t\t\t<\/div>\n\t\t","protected":false},"excerpt":{"rendered":"<p>Transforme ideias em realidade visual Apresenta\u00e7\u00e3o Sobre N\u00f3s Na Grid Criativa, somos apaixonados por transformar ideias em experi\u00eancias visuais impactantes. Especialistas em pain\u00e9is iluminados, fachadas ACM, fachadas 3D, placas em acr\u00edlico e uma ampla gama de itens para comunica\u00e7\u00e3o visual, nosso objetivo \u00e9 dar vida \u00e0 sua marca de maneira \u00fanica e memor\u00e1vel. Por que [&hellip;]<\/p>\n","protected":false},"author":1,"featured_media":0,"parent":0,"menu_order":0,"comment_status":"closed","ping_status":"closed","template":"elementor_header_footer","meta":{"_joinchat":[],"footnotes":""},"class_list":["post-13","page","type-page","status-publish","hentry"],"_links":{"self":[{"href":"https:\/\/gridcriativa.com.br\/index.php\/wp-json\/wp\/v2\/pages\/13","targetHints":{"allow":["GET"]}}],"collection":[{"href":"https:\/\/gridcriativa.com.br\/index.php\/wp-json\/wp\/v2\/pages"}],"about":[{"href":"https:\/\/gridcriativa.com.br\/index.php\/wp-json\/wp\/v2\/types\/page"}],"author":[{"embeddable":true,"href":"https:\/\/gridcriativa.com.br\/index.php\/wp-json\/wp\/v2\/users\/1"}],"replies":[{"embeddable":true,"href":"https:\/\/gridcriativa.com.br\/index.php\/wp-json\/wp\/v2\/comments?post=13"}],"version-history":[{"count":3,"href":"https:\/\/gridcriativa.com.br\/index.php\/wp-json\/wp\/v2\/pages\/13\/revisions"}],"predecessor-version":[{"id":676,"href":"https:\/\/gridcriativa.com.br\/index.php\/wp-json\/wp\/v2\/pages\/13\/revisions\/676"}],"wp:attachment":[{"href":"https:\/\/gridcriativa.com.br\/index.php\/wp-json\/wp\/v2\/media?parent=13"}],"curies":[{"name":"wp","href":"https:\/\/api.w.org\/{rel}","templated":true}]}}